(base 7) to base 15.
-62
What is -2 (base 6) in base 5?
-2
Convert 5 (base 13) to base 14.
5
Convert -61 (base 9) to base 14.
-3d
What is -11 (base 4) in base 11?
-5
3d (base 14) to base 5
210
What is 1001 (base 3) in base 5?
103
-101 (base 5) to base 12
-22
Convert -2 (base 4) to base 13.
-2
Convert -4 (base 8) to base 10.
-4
-1 (base 4) to base 3
-1
What is -14 (base 7) in base 14?
-b
28 (base 14) to base 6
100
Convert 11 (base 11) to base 7.
15
What is 43 (base 8) in base 2?
100011
Convert -3 (base 16) to base 11.
-3
4 (base 11) to base 16
4
Convert 54 (base 8) to base 15.
2e
1001 (base 4) to base 7
122
Convert -2201 (base 3) to base 5.
-243
-6 (base 13) to base 10
-6
What is -5 (base 12) in base 13?
-5
What is 58 (base 12) in base 11?
62
What is -45 (base 11) in base 5?
-144
-1 (base 15) to base 7
-1
Convert -455 (base 7) to base 14.
-12c
Convert -10100 (base 3) to base 16.
-5a
What is 2 (base 6) in base 4?
2
140 (base 9) to base 4
1311
What is 21 (base 9) in base 4?
103
What is 31 (base 5) in base 15?
11
-2 (base 5) to base 10
-2
Convert 3 (base 7) to base 11.
3
-20 (base 6) to base 15
-c
What is -21 (base 3) in base 14?
-7
What is 7b (base 15) in base 5?
431
-5 (base 15) to base 4
-11
Convert -2 (base 6) to base 11.
-2
What is 6d (base 15) in base 10?
103
What is 40 (base 11) in base 4?
230
-10 (base 10) to base 8
-12
Convert 20 (base 15) to base 6.
50
-6 (base 15) to base 13
-6
Convert 0 (base 9) to base 4.
0
Convert 20 (base 5) to base 15.
a
What is 200 (base 7) in base 14?
70
Convert -32 (base 6) to base 4.
-110
-25 (base 9) to base 16
-17
Convert -5 (base 13) to base 12.
-5
Convert -100011 (base 2) to base 5.
-120
What is -6 (base 15) in base 16?
-6
What is 2 (base 6) in base 10?
2
Convert -1 (base 14) to base 7.
-1
Convert 11220 (base 3) to base 10.
132
What is -231 (base 4) in base 15?
-30
What is -99 (base 11) in base 13?
-84
1 (base 13) to base 11
1
Convert -233 (base 7) to base 14.
-8a
-1 (base 7) to base 13
-1
Convert 0 (base 13) to base 10.
0
Convert 1010000 (base 2) to base 15.
55
Convert -21 (base 8) to base 2.
-10001
Convert 1140 (base 5) to base 2.
10101010
Convert -2 (base 14) to base 16.
-2
Convert -12 (base 8) to base 6.
-14
-7 (base 8) to base 3
-21
What is 133 (base 4) in base 16?
1f
What is 5 (base 8) in base 14?
5
What is 134 (base 14) in base 11?
200
What is -10010011 (base 2) in base 16?
-93
100 (base 4) to base 16
10
What is -12001 (base 3) in base 13?
-a6
What is 12 (base 3) in base 13?
5
23 (base 14) to base 9
34
17a (base 16) to base 3
112000
What is -10 (base 6) in base 7?
-6
-11 (base 4) to base 6
-5
Convert -2 (base 11) to base 5.
-2
What is 20 (base 16) in base 10?
32
1001011 (base 2) to base 5
300
-7 (base 9) to base 8
-7
What is 43 (base 7) in base 5?
111
-4 (base 9) to base 4
-10
What is -1 (base 16) in base 15?
-1
a1 (base 16) to base 6
425
What is -3 (base 5) in base 6?
-3
What is 14 (base 5) in base 4?
21
Convert 132 (base 7) to base 16.
48
-366 (base 10) to base 8
-556
-40 (base 11) to base 13
-35
What is -28 (base 12) in base 3?
-1012
What is -2 (base 6) in base 7?
-2
74 (base 10) to base 12
62
2 (base 16) to base 7
2
Convert -101100 (base 2) to base 10.
-44
5 (base 14) to base 10
5
What is 4 (base 9) in base 3?
11
Convert -1040 (base 5) to base 15.
-9a
46 (base 7) to base 9
37
What is 3 (base 7) in base 4?
3
Convert -11 (base 8) to base 2.
-1001
e (base 16) to base 6
22
What is 0 (base 8) in base 7?
0
What is 45 (base 14) in base 4?
331
Convert 0 (base 15) to base 8.
0
What is -7 (base 8) in base 5?
-12
-21 (base 9) to base 8
-23
-30 (base 9) to base 12
-23
Convert 3 (base 8) to base 6.
3
What is -2 (base 9) in base 7?
-2
-2010 (base 4) to base 3
-11220
Convert -20 (base 4) to base 12.
-8
What is -6 (base 10) in base 5?
-11
What is b (base 14) in base 10?
11
Convert -2221 (base 3) to base 9.
-87
11 (base 7) to base 13
8
-5 (base 15) to base 9
-5
Convert -14 (base 9) to base 2.
-1101
-4 (base 14) to base 7
-4
-19 (base 14) to base 4
-113
What is -1011111 (base 2) in base 9?
-115
48 (base 16) to base 2
1001000
2 (base 4) to base 16
2
Convert -124 (base 9) to base 7.
-205
Convert -1110011 (base 2) to base 16.
-73
What is 3 (base 11) in base 7?
3
What is -22 (base 8) in base 13?
-15
Convert 55 (base 6) to base 16.
23
-101 (base 2) to base 5
-10
-22 (base 5) to base 13
-c
What is 3 (base 16) in base 10?
3
-1 (base 5) to base 3
-1
Convert -102 (base 5) to base 2.
-11011
Convert -1112 (base 4) to base 5.
-321
What is 3 (base 13) in base 6?
3
What is 5 (base 10) in base 4?
11
What is 13 (base 8) in base 6?
15
44 (base 13) to base 7
110
442 (base 5) to base 11
101
Convert -1b (base 16) to base 5.
-102
Convert -12 (base 11) to base 2.
-1101
What is -254 (base 7) in base 14?
-9b
Convert 74 (base 10) to base 4.
1022
What is 21 (base 3) in base 7?
10
Convert 102 (base 3) to base 9.
12
What is -8 (base 9) in base 16?
-8
10000 (base 2) to base 14
12
-23 (base 6) to base 8
-17
What is 221 (base 3) in base 7?
34
4a (base 11) to base 3
2000
67 (base 14) to base 7
160
What is -30 (base 4) in base 6?
-20
-100 (base 2) to base 8
-4
What is 0 (base 2) in base 11?
0
Convert -22 (base 4) to base 14.
-a
What is 2 (base 10) in base 9?
2
-20 (base 8) to base 10
-16
Convert -1 (base 14) to base 2.
-1
-1 (base 11) to base 3
-1
Convert 22 (base 5) to base 3.
110
Convert 102 (base 7) to base 13.
3c
1 (base 11) to base 6
1
Convert -163 (base 7) to base 8.
-136
What is 36 (base 12) in base 4?
222
Convert 105 (base 7) to base 6.
130
What is 1100 (base 2) in base 14?
c
Convert 9a (base 12) to base 5.
433
Convert -106 (base 8) to base 7.
-130
What is -13 (base 16) in base 7?
-25
Convert -32 (base 9) to base 4.
-131
What is -14 (base 15) in base 13?
-16
79 (base 10) to base 7
142
Convert 5 (base 15) to base 7.
5
Convert -1 (base 15) to base 13.
-1
Convert 39 (base 15) to base 4.
312
What is -25 (base 10) in base 16?
-19
Convert 1b (base 14) to base 4.
121
-1 (base 5) to base 10
-1
3 (base 6) to base 14
3
What is -110001 (base 2) in base 5?
-144
Convert 42 (base 11) to base 12.
3a
Convert -3 (base 7) to base 2.
-11
-2 (base 12) to base 13
-2
Convert 4 (base 15) to base 4.
10
Convert -42 (base 5) to base 10.
-22
What is -6 (base 11) in base 7?
-6
Convert a (base 16) to base 5.
20
100 (base 4) to base 14
12
-3120 (base 4) to base 6
-1000
-a (base 11) to base 5
-20
What is 0 (base 3) in base 14?
0
What is 13 (base 4) in base 9?
7
300 (base 7) to base 6
403
Convert -50 (base 8) to base 4.
-220
Convert 5 (base 12) to base 7.
5
Convert -4 (base 13) to base 9.
-4
Convert -5 (base 13) to base 7.
-5
What is 0 (base 5) in base 13?
0
Convert 1 (base 2) to base 14.
1
What is 118 (base 13) in base 12?
13a
What is -10 (base 3) in base 6?
-3
-41 (base 5) to base 6
-33
What is 54 (base 15) in base 5?
304
Convert 12 (base 5) to base 8.
7
What is 2 (base 11) in base 4?
2
-7 (base 11) to base 13
-7
Convert 5 (base 6) to base 15.
5
What is -2 (base 10) in base 16?
-2
Convert 201 (base 4) to base 11.
30
Convert 230 (base 9) to base 10.
189
Convert 0 (base 3) to base 12.
0
Convert -20 (base 8) to base 16.
-10
e2 (base 15) to base 10
212
Convert 110 (base 5) to base 13.
24
Convert 0 (base 5) to base 11.
0
50 (base 11) to base 13
43
-2 (base 13) to base 6
-2
What is 5 (base 11) in base 13?
5
What is -21 (base 3) in base 8?
-7
Convert 200 (base 8) to base 14.
92
-1212 (base 3) to base 6
-122
0 (base 7) to base 11
0
-4b (base 15) to base 16
-47
What is 3 (base 5) in base 13?
3
Convert -1010 (base 4) to base 11.
-62
-171 (base 11) to base 6
-531
-10100 (base 3) to base 5
-330
What is 8 (base 12) in base 2?
1000
Convert 32 (base 10) to base 2.
100000
Convert 0 (base 6) to base 11.
0
-43 (base 6) to base 12
-23
Convert 2 (base 3) to base 9.
2
What is -25 (base 11) in base 3?
-1000
-2 (base 7) to base 11
-2
What is -3 (base 8) in base 9?
-3
Convert 3 (base 12) to base 2.
11
What is -4 (base 10) in base 6?
-4
Convert -11 (base 2) to base 6.
-3
183 (base 9) to base 7
312
What is 2a (base 16) in base 12?
36
What is 1 (base 2) in base 15?
1
What is -212 (base 4) in base 6?
-102
Convert -6 (base 13) to base 9.
-6
-22 (base 14) to base 10
-30
Convert -9 (base 15) to base 7.
-12
132 (base 6) to base 2
111000
Convert 2 (base 12) to base 8.
2
What is 36 (base 7) in ba